{"id":5496,"date":"2022-03-31T04:32:58","date_gmt":"2022-03-31T08:32:58","guid":{"rendered":"https:\/\/novovisualjp.com\/?post_type=product&#038;p=5496"},"modified":"2022-03-31T04:32:58","modified_gmt":"2022-03-31T08:32:58","slug":"absolut-repair-125ml","status":"publish","type":"product","link":"https:\/\/novovisualjp.com\/?product=absolut-repair-125ml","title":{"rendered":"Absolut repair (125ml)"},"content":{"rendered":"<p>Trata (condiciona com leveza, fortalece o cabelo, nutre e d\u00e1 brilho), controla (desembara\u00e7a e facilita o pentear di\u00e1rio) e protege (previne o dano mec\u00e2nico como a quebra na escova\u00e7\u00e3o, ajuda a combater os danos do calor do secador e age na preven\u00e7\u00e3o das pontas duplas, al\u00e9m de formar uma barreira no fio contra agress\u00f5es externas).<\/p>\n","protected":false},"excerpt":{"rendered":"<p>Trata (condiciona com leveza, fortalece o cabelo, nutre e d\u00e1 brilho), controla (desembara\u00e7a e facilita o pentear di\u00e1rio) e protege (previne o dano mec\u00e2nico como&#8230;<\/p>\n","protected":false},"featured_media":5497,"comment_status":"open","ping_status":"closed","template":"","meta":{"_joinchat":[]},"etheme_brands":[{"term_id":151,"name":"L\u2019Oreal","slug":"loreal","term_group":0,"term_taxonomy_id":151,"taxonomy":"brand","description":"","parent":0,"count":10,"filter":"raw"}],"product_cat":[78],"product_tag":[],"tipo-de-producto":[],"_links":{"self":[{"href":"https:\/\/novovisualjp.com\/index.php?rest_route=\/wp\/v2\/product\/5496"}],"collection":[{"href":"https:\/\/novovisualjp.com\/index.php?rest_route=\/wp\/v2\/product"}],"about":[{"href":"https:\/\/novovisualjp.com\/index.php?rest_route=\/wp\/v2\/types\/product"}],"replies":[{"embeddable":true,"href":"https:\/\/novovisualjp.com\/index.php?rest_route=%2Fwp%2Fv2%2Fcomments&post=5496"}],"version-history":[{"count":0,"href":"https:\/\/novovisualjp.com\/index.php?rest_route=\/wp\/v2\/product\/5496\/revisions"}],"wp:featuredmedia":[{"embeddable":true,"href":"https:\/\/novovisualjp.com\/index.php?rest_route=\/wp\/v2\/media\/5497"}],"wp:attachment":[{"href":"https:\/\/novovisualjp.com\/index.php?rest_route=%2Fwp%2Fv2%2Fmedia&parent=5496"}],"wp:term":[{"taxonomy":"brand","embeddable":true,"href":"https:\/\/novovisualjp.com\/index.php?rest_route=%2Fwp%2Fv2%2Fetheme_brands&post=5496"},{"taxonomy":"product_cat","embeddable":true,"href":"https:\/\/novovisualjp.com\/index.php?rest_route=%2Fwp%2Fv2%2Fproduct_cat&post=5496"},{"taxonomy":"product_tag","embeddable":true,"href":"https:\/\/novovisualjp.com\/index.php?rest_route=%2Fwp%2Fv2%2Fproduct_tag&post=5496"},{"taxonomy":"tipo-de-producto","embeddable":true,"href":"https:\/\/novovisualjp.com\/index.php?rest_route=%2Fwp%2Fv2%2Ftipo-de-producto&post=5496"}],"curies":[{"name":"wp","href":"https:\/\/api.w.org\/{rel}","templated":true}]}}